{"id":14,"date":"2016-03-14T19:31:10","date_gmt":"2016-03-14T19:31:10","guid":{"rendered":"http:\/\/192.168.20.103\/lehnert-web\/blog\/?page_id=14"},"modified":"2016-12-10T16:14:15","modified_gmt":"2016-12-10T16:14:15","slug":"vortraege","status":"publish","type":"page","link":"https:\/\/www.lehnert-web.de\/sv\/vortraege\/","title":{"rendered":"F\u00f6rel\u00e4sningar"},"content":{"rendered":"<p><\/p>\n<h4>Presentation av Antarktis &#8221;Lars Lehnert: Living on the rocks&#8221;<\/h4>\n<p>I min mediapresentation ber\u00e4ttar jag sp\u00e4nnande ber\u00e4ttelser om livet p\u00e5 isen. Som kommunikationsingenj\u00f6r f\u00f6r det tyska polar forskningsinstitutet AWI (Alfred Wegener-Institurte) tillbringade jag 14 m\u00e5nader den antarktiska forskningsstationen Neumayer III. I nio m\u00e5nader levde jag totalt isolerad tillsammans med \u00e5tta av mina kollegor. Som passionerad och entusiastisk fotograf fick jag m\u00f6jligheten att f\u00e5nga utmaningarna i det vardagliga livet men ocks\u00e5 den fascinerande milj\u00f6n och det vilda naturlivet i denna avl\u00e4gsna platsen i unika bilder \u2013 basen i mina presentationer.<\/p>\n<h4>Presentation av Arktis &#8221;Lars Lehnert: Faces of the Arctic&#8221;<\/h4>\n<p>I min mediapresentation ber\u00e4ttar jag sp\u00e4nnande ber\u00e4ttelser om livet p\u00e5 ett forskningsfartyg och livet p\u00e5 Nordpolen\/high Arctic expedition ArcticOcean2016. Du kommer att uppleva hur forskningsarbetet fungerar ombord och f\u00e5r n\u00e5gra intryck fr\u00e5n toppen av v\u00e4rlden.<\/p>\n<p>Om du \u00e4r intresserad av mina presentationer tveka inte att ta <a href=\"http:\/\/www.lehnert-web.de\/contact\/\">kontakt <\/a>med mig.<\/p>\n<p>Lars Lehnert<\/p>\n<p><img loading=\"lazy\" class=\"aligncenter wp-image-360 size-large\" src=\"http:\/\/www.lehnert-web.de\/wp-content\/uploads\/2016\/03\/IMG_20160129_185623-1024x768.jpg\" alt=\"IMG_20160129_185623\" width=\"640\" height=\"480\" srcset=\"https:\/\/www.lehnert-web.de\/wp-content\/uploads\/2016\/03\/IMG_20160129_185623-1024x768.jpg 1024w, https:\/\/www.lehnert-web.de\/wp-content\/uploads\/2016\/03\/IMG_20160129_185623-300x225.jpg 300w, https:\/\/www.lehnert-web.de\/wp-content\/uploads\/2016\/03\/IMG_20160129_185623-768x576.jpg 768w, https:\/\/www.lehnert-web.de\/wp-content\/uploads\/2016\/03\/IMG_20160129_185623-640x480.jpg 640w, https:\/\/www.lehnert-web.de\/wp-content\/uploads\/2016\/03\/IMG_20160129_185623-1010x758.jpg 1010w, https:\/\/www.lehnert-web.de\/wp-content\/uploads\/2016\/03\/IMG_20160129_185623-148x111.jpg 148w, https:\/\/www.lehnert-web.de\/wp-content\/uploads\/2016\/03\/IMG_20160129_185623-31x23.jpg 31w, https:\/\/www.lehnert-web.de\/wp-content\/uploads\/2016\/03\/IMG_20160129_185623-38x29.jpg 38w, https:\/\/www.lehnert-web.de\/wp-content\/uploads\/2016\/03\/IMG_20160129_185623-287x215.jpg 287w\" sizes=\"(max-width: 640px) 100vw, 640px\" \/><\/p>\n<h4>Referenser<\/h4>\n<ul>\n<li>ArcticOcean2016 &#8211; Antarktis Pr\u00e4sentation am Nordpol<\/li>\n<li><a href=\"http:\/\/www.nor-a.de\/2016\/01\/28\/lars-lehnert-berichtet-14-monate-der-antarktis-mit-atemberaubender-photodokumentation\/\" target=\"_blank\">Burderee Gro\u00dfheide<\/a><\/li>\n<li><a href=\"http:\/\/www.rotary1850.org\/norderney\/00_aktuell\/Vortragpolarstation.php\" target=\"_blank\">Rotary Club Norderney<\/a><\/li>\n<li><a href=\"http:\/\/www.landesmuseum-emden.de\/1352-0-68\" target=\"_blank\">Landesmuseum Emden<\/a><\/li>\n<li><a href=\"http:\/\/www.oz-online.de\/-news\/artikel\/116604\/Ueber-das-Leben-im-ewigen-Eis\" target=\"_blank\">Leserakademie OZ Leer<\/a><\/li>\n<li><a href=\"http:\/\/www.funk-news.de\/vortrag-lars-lehnert-polarstation-neumeyer-iii\/\" target=\"_blank\">VFDB Leer<\/a><\/li>\n<li><a href=\"http:\/\/www.e05.de\/09-01-vortrag-dl1lll-%C3%BCberwintern-in-der-antarktis.html\" target=\"_blank\">DARC Ortsverband L\u00fcneburg<\/a><\/li>\n<li>Friesenschule Leer<\/li>\n<li>IGS Aurich<\/li>\n<li>DARC Ortsverband Norden<\/li>\n<li>Funktechnik Dathe Hausmesse<\/li>\n<li>HAM Radio Friedrichshafen, 2013, 2014, 2015<\/li>\n<li>Realschule Gro\u00dfheide<\/li>\n<li><a href=\"http:\/\/volksschule.bad-heilbrunn.de\/index.php?option=com_content&amp;task=view&amp;id=221&amp;Itemid=52\" target=\"_blank\">Grund und Hauptschule Bad Heilbrunn<\/a><\/li>\n<li>Cafe Zeitlos N\u00fcrtingen<\/li>\n<li>Dornier Betriebssportgruppe<\/li>\n<li>DARC Ortsverband Erding<\/li>\n<li>DARC OV Erding Jugendgruppe Erding<\/li>\n<li>Vuxenutbildning G\u00e4vle<\/li>\n<\/ul>\n<p><\/p>","protected":false},"excerpt":{"rendered":"<p>Presentation av Antarktis &#8221;Lars Lehnert: Living on the rocks&#8221; I min mediapresentation ber\u00e4ttar jag sp\u00e4nnande ber\u00e4ttelser om livet p\u00e5 isen. Som kommunikationsingenj\u00f6r f\u00f6r det tyska polar forskningsinstitutet AWI (Alfred Wegener-Institurte) tillbringade jag 14 m\u00e5nader den antarktiska forskningsstationen Neumayer III. I nio m\u00e5nader levde jag totalt isolerad tillsammans med \u00e5tta av mina kollegor. Som passionerad och [&hellip;]<\/p>\n","protected":false},"author":1,"featured_media":0,"parent":0,"menu_order":20,"comment_status":"closed","ping_status":"closed","template":"template-parts\/page-full-width.php","meta":{"ngg_post_thumbnail":0},"_links":{"self":[{"href":"https:\/\/www.lehnert-web.de\/sv\/wp-json\/wp\/v2\/pages\/14"}],"collection":[{"href":"https:\/\/www.lehnert-web.de\/sv\/wp-json\/wp\/v2\/pages"}],"about":[{"href":"https:\/\/www.lehnert-web.de\/sv\/wp-json\/wp\/v2\/types\/page"}],"author":[{"embeddable":true,"href":"https:\/\/www.lehnert-web.de\/sv\/wp-json\/wp\/v2\/users\/1"}],"replies":[{"embeddable":true,"href":"https:\/\/www.lehnert-web.de\/sv\/wp-json\/wp\/v2\/comments?post=14"}],"version-history":[{"count":33,"href":"https:\/\/www.lehnert-web.de\/sv\/wp-json\/wp\/v2\/pages\/14\/revisions"}],"predecessor-version":[{"id":1814,"href":"https:\/\/www.lehnert-web.de\/sv\/wp-json\/wp\/v2\/pages\/14\/revisions\/1814"}],"wp:attachment":[{"href":"https:\/\/www.lehnert-web.de\/sv\/wp-json\/wp\/v2\/media?parent=14"}],"curies":[{"name":"wp","href":"https:\/\/api.w.org\/{rel}","templated":true}]}}

Föreläsningar

<p></p>
<h4>Presentation av Antarktis &#8221;Lars Lehnert: Living on the rocks&#8221;</h4>
<p>I min mediapresentation berättar jag spännande berättelser om livet på isen. Som kommunikationsingenjör för det tyska polar forskningsinstitutet AWI (Alfred Wegener-Institurte) tillbringade jag 14 månader den antarktiska forskningsstationen Neumayer III. I nio månader levde jag totalt isolerad tillsammans med åtta av mina kollegor. Som passionerad och entusiastisk fotograf fick jag möjligheten att fånga utmaningarna i det vardagliga livet men också den fascinerande miljön och det vilda naturlivet i denna avlägsna platsen i unika bilder – basen i mina presentationer.</p>
<h4>Presentation av Arktis &#8221;Lars Lehnert: Faces of the Arctic&#8221;</h4>
<p>I min mediapresentation berättar jag spännande berättelser om livet på ett forskningsfartyg och livet på Nordpolen/high Arctic expedition ArcticOcean2016. Du kommer att uppleva hur forskningsarbetet fungerar ombord och får några intryck från toppen av världen.</p>
<p>Om du är intresserad av mina presentationer tveka inte att ta <a href="http://www.lehnert-web.de/contact/">kontakt </a>med mig.</p>
<p>Lars Lehnert</p>
<p><img loading="lazy" class="aligncenter wp-image-360 size-large" src="http://www.lehnert-web.de/wp-content/uploads/2016/03/IMG_20160129_185623-1024x768.jpg" alt="IMG_20160129_185623" width="640" height="480" srcset="https://www.lehnert-web.de/wp-content/uploads/2016/03/IMG_20160129_185623-1024x768.jpg 1024w, https://www.lehnert-web.de/wp-content/uploads/2016/03/IMG_20160129_185623-300x225.jpg 300w, https://www.lehnert-web.de/wp-content/uploads/2016/03/IMG_20160129_185623-768x576.jpg 768w, https://www.lehnert-web.de/wp-content/uploads/2016/03/IMG_20160129_185623-640x480.jpg 640w, https://www.lehnert-web.de/wp-content/uploads/2016/03/IMG_20160129_185623-1010x758.jpg 1010w, https://www.lehnert-web.de/wp-content/uploads/2016/03/IMG_20160129_185623-148x111.jpg 148w, https://www.lehnert-web.de/wp-content/uploads/2016/03/IMG_20160129_185623-31x23.jpg 31w, https://www.lehnert-web.de/wp-content/uploads/2016/03/IMG_20160129_185623-38x29.jpg 38w, https://www.lehnert-web.de/wp-content/uploads/2016/03/IMG_20160129_185623-287x215.jpg 287w" sizes="(max-width: 640px) 100vw, 640px" /></p>
<h4>Referenser</h4>
<ul>
<li>ArcticOcean2016 &#8211; Antarktis Präsentation am Nordpol</li>
<li><a href="http://www.nor-a.de/2016/01/28/lars-lehnert-berichtet-14-monate-der-antarktis-mit-atemberaubender-photodokumentation/" target="_blank">Burderee Großheide</a></li>
<li><a href="http://www.rotary1850.org/norderney/00_aktuell/Vortragpolarstation.php" target="_blank">Rotary Club Norderney</a></li>
<li><a href="http://www.landesmuseum-emden.de/1352-0-68" target="_blank">Landesmuseum Emden</a></li>
<li><a href="http://www.oz-online.de/-news/artikel/116604/Ueber-das-Leben-im-ewigen-Eis" target="_blank">Leserakademie OZ Leer</a></li>
<li><a href="http://www.funk-news.de/vortrag-lars-lehnert-polarstation-neumeyer-iii/" target="_blank">VFDB Leer</a></li>
<li><a href="http://www.e05.de/09-01-vortrag-dl1lll-%C3%BCberwintern-in-der-antarktis.html" target="_blank">DARC Ortsverband Lüneburg</a></li>
<li>Friesenschule Leer</li>
<li>IGS Aurich</li>
<li>DARC Ortsverband Norden</li>
<li>Funktechnik Dathe Hausmesse</li>
<li>HAM Radio Friedrichshafen, 2013, 2014, 2015</li>
<li>Realschule Großheide</li>
<li><a href="http://volksschule.bad-heilbrunn.de/index.php?option=com_content&amp;task=view&amp;id=221&amp;Itemid=52" target="_blank">Grund und Hauptschule Bad Heilbrunn</a></li>
<li>Cafe Zeitlos Nürtingen</li>
<li>Dornier Betriebssportgruppe</li>
<li>DARC Ortsverband Erding</li>
<li>DARC OV Erding Jugendgruppe Erding</li>
<li>Vuxenutbildning Gävle</li>
</ul>
<p></p>

<p>Presentation av Antarktis &#8221;Lars Lehnert: Living on the rocks&#8221; I min mediapresentation berättar jag spännande berättelser om livet på isen. Som kommunikationsingenjör för det tyska polar forskningsinstitutet AWI (Alfred Wegener-Institurte) tillbringade jag 14 månader den antarktiska forskningsstationen Neumayer III. I nio månader levde jag totalt isolerad tillsammans med åtta av mina kollegor. Som passionerad och [&hellip;]</p>
